) to base 13.
38894
Convert -22120102 (base 3) to base 10.
-6248
What is -125887 (base 9) in base 11?
-52565
272789 (base 10) to base 2
1000010100110010101
-230421 (base 5) to base 10
-8236
What is -3b557 (base 16) in base 10?
-243031
33a7c (base 14) to base 4
132221232
What is 9740058 (base 10) in base 8?
45117432
Convert 427083 (base 11) to base 14.
13ac22
What is 212111021202 (base 3) in base 15?
92015
10213012032 (base 4) to base 9
2242040
What is -2042340 (base 5) in base 4?
-20110233
What is -165840 (base 9) in base 11?
-70214
Convert -9c076 (base 14) to base 7.
-3135206
3104430123 (base 5) to base 3
102220102220010
Convert 3446805 (base 10) to base 4.
31021200111
What is -1210422444 (base 5) in base 12?
-b43940
110000110011101110 (base 2) to base 16
30cee
What is 2037279 (base 11) in base 12?
1255502
Convert 102302 (base 8) to base 11.
23597
Convert 101013000330 (base 4) to base 13.
c1066b
What is -908672 (base 10) in base 16?
-ddd80
What is -189710 (base 13) in base 8?
-2274316
Convert -1220212110110 (base 3) to base 8.
-3712010
What is 318a3 (base 13) in base 10?
89365
-2201423 (base 6) to base 8
-325267
What is 4322151 (base 8) in base 10?
1156201
Convert -202022331200 (base 4) to base 12.
-2bbbaa8
What is -3430213110 (base 5) in base 10?
-7663530
20004651 (base 7) to base 12
6761b0
What is 20002110021 (base 3) in base 11?
82089
What is 26bc8 (base 13) in base 11?
4a382
What is 12102210201 (base 3) in base 2?
11010001000001100
-737696 (base 10) to base 4
-2310012200
What is 222020201202210 (base 3) in base 2?
110101001101110000011000
What is -13dd2 (base 14) in base 3?
-2111201220
What is 39a16 (base 12) in base 10?
79218
Convert 11000101011001011 (base 2) to base 10.
101067
What is -41006 (base 11) in base 14?
-17b89
What is -288925 (base 10) in base 16?
-4689d
621241 (base 7) to base 8
317202
Convert 72c43 (base 13) to base 16.
32644
Convert 9149218 (base 11) to base 7.
254331033
14015976 (base 10) to base 11
7a03457
What is 20727 (base 16) in base 10?
132903
What is -442b4 (base 15) in base 3?
-102000010221
-c9591 (base 13) to base 11
-229096
What is 104e9 (base 15) in base 6?
1035320
What is -445552 (base 10) in base 12?
-195a14
What is 65c4d (base 15) in base 3?
121102121201
What is -5304310 (base 6) in base 7?
-2121660
What is -26a139 (base 12) in base 9?
-1174260
-102222220110220 (base 3) to base 7
-105122220
Convert -893457 (base 10) to base 3.
-1200101121000
2a081 (base 12) to base 13
20a2b
121112212010011 (base 3) to base 12
2b41b7a
Convert -b117 (base 16) to base 15.
-d675
-189a9a8 (base 11) to base 5
-1310100010
What is -10142541 (base 7) in base 12?
-350516
a178 (base 15) to base 10
34088
What is -1755633 (base 8) in base 6?
-15012043
What is -5bb537 (base 14) in base 8?
-13772375
Convert 102304 (base 7) to base 3.
220012111
What is -1000212201022 (base 3) in base 2?
-10000101111101111001
Convert -100100223 (base 5) to base 12.
-16ba99
What is -1668383 (base 11) in base 3?
-12100010101020
What is 120223001 (base 4) in base 7?
600425
What is -2460786 (base 9) in base 6?
-44411253
Convert -12b415 (base 13) to base 10.
-453276
-1201201010202 (base 3) to base 9
-1651122
Convert 80277 (base 10) to base 13.
2a702
Convert -122001001020020 (base 3) to base 14.
-12b9d53
What is 623465 (base 9) in base 15?
7495b
What is 171b1 (base 12) in base 10?
33109
33141450 (base 7) to base 14
542b97
What is 1110142302 (base 5) in base 15?
32e552
Convert 2664115 (base 7) to base 4.
1111323223
Convert -104487b (base 15) to base 10.
-11608541
Convert -313301002 (base 4) to base 15.
-47a2d
Convert 1000442421 (base 5) to base 7.
22506012
Convert -143420444 (base 5) to base 11.
-481a01
What is 1327c3d (base 15) in base 3?
221221221002011
-380ce3 (base 15) to base 7
-31555005
-1031133 (base 5) to base 13
-8071
What is 73761 (base 9) in base 5?
3024421
What is -836a49 (base 11) in base 4?
-11013202030
Convert 15202433 (base 6) to base 16.
813d5
1108300 (base 9) to base 11
378232
12110100121 (base 3) to base 9
173317
What is -103314302 (base 5) in base 12?
-197379
-6428 (base 14) to base 15
-51c4
303401231 (base 5) to base 10
1231441
-2212120100 (base 3) to base 14
-16871
Convert -10010111001001000000 (base 2) to base 12.
-25a314
What is -2784061 (base 10) in base 5?
-1203042221
What is -130033544 (base 6) in base 8?
-11502010
What is -510855 (base 9) in base 6?
-10252252
What is 616245 (base 7) in base 14?
2a5cc
What is -27ed2 (base 16) in base 5?
-20213123
Convert 18c0521 (base 13) to base 8.
37033725
What is -1807466 (base 9) in base 4?
-3312122220
Convert 251834 (base 9) to base 4.
211023313
Convert -1ab51 (base 15) to base 8.
-251616
5480330 (base 9) to base 4
23033101233
What is b296 (base 12) in base 11?
13646
What is 310301010 (base 4) in base 14?
58aa0
What is 1567742 (base 9) in base 5?
210344020
10100001100110000 (base 2) to base 8
241460
What is 2274404 (base 9) in base 8?
4542507
What is -aa09 (base 13) in base 7?
-126002
-4105353 (base 7) to base 2
-1110111011101010111
111101011001000000100 (base 2) to base 16
1eb204
-3844274 (base 9) to base 14
-3c7c5a
What is 21b3a19 (base 12) in base 5?
3123034131
What is 7a0292 (base 12) in base 9?
3601282
What is -521155 (base 7) in base 9?
-145407
-43005324 (base 6) to base 3
-2101001122121
Convert -31161017 (base 8) to base 16.
-64e20f
2323333000 (base 4) to base 15
103224
Convert -2911bc (base 13) to base 16.
-f4aac
2273 (base 10) to base 2
100011100001
Convert -400435303 (base 6) to base 10.
-6754647
45857 (base 14) to base 11
105aa3
What is -3c81 (base 16) in base 14?
-5905
Convert -1101331241 (base 5) to base 12.
-964005
Convert 1443020021 (base 5) to base 11.
2208324
-67561 (base 13) to base 6
-4004501
Convert -52a57 (base 15) to base 5.
-31342312
What is -2f8f4 (base 16) in base 15?
-3cabe
What is -322131022 (base 4) in base 5?
-30130214
Convert -1610273 (base 8) to base 3.
-212112011110
Convert 49988 (base 11) to base 12.
35614
What is -1000000111011 (base 2) in base 9?
-5626
What is -420a3 (base 13) in base 6?
-2313511
What is 13baa34 (base 14) in base 8?
44464226
101011110001110010000 (base 2) to base 14
294ad2
What is -49419 (base 11) in base 3?
-10121110101
What is 651421 (base 9) in base 13?
1078b4
What is 11433762 (base 9) in base 2?
10101010000100111101011
Convert 7234704 (base 8) to base 4.
13103213010
Convert 301231211 (base 4) to base 10.
203621
What is 268016 (base 9) in base 2?
100111110111101111
What is 1371331 (base 8) in base 16?
5f2d9
Convert -2f54b (base 16) to base 12.
-94237
-100101424 (base 5) to base 4
-1200030011
-1123122 (base 7) to base 14
-39212
What is 130562 (base 9) in base 2?
10011010101011001
What is 96a42 (base 11) in base 5?
14003021
-42bd6 (base 15) to base 10
-211926
What is -287dd1 (base 15) in base 7?
-22402402
33443021 (base 5) to base 6
10205152
361406 (base 10) to base 4
1120032332
Convert be5c (base 16) to base 9.
73756
What is -3ad579 (base 16) in base 6?
-214350345
-58278a (base 16) to base 4
-112002132022
Convert 106766 (base 11) to base 8.
513744
What is 1b59a2b (base 12) in base 3?
101222220020122
Convert -13876 (base 16) to base 4.
-103201312
680752 (base 9) to base 5
101014041
What is -12222532 (base 7) in base 16?
-10c1e3
Convert -1011421 (base 5) to base 12.
-965a
1aa65 (base 16) to base 7
633146
What is -34751216 (base 8) in base 12?
-2660812
-26eb6e (base 16) to base 10
-2550638
What is -12122032 (base 4) in base 16?
-668e
1421736 (base 10) to base 2
101011011000110101000
10340400 (base 5) to base 11
6176a
What is -42a8967 (base 11) in base 10?
-7566566
What is -54191 (base 11) in base 10?
-78750
-b4a35 (base 13) to base 10
-324693
Convert 133300203 (base 4) to base 9.
217386
87ba66 (base 15) to base 2
11000101011010011101110
What is -3112442 (base 5) in base 11?
-35351
What is 3a4ba8 (base 13) in base 14?
289d3c
Convert -21733074 (base 8) to base 16.
-47b63c
What is -1752131 (base 10) in base 6?
-101315415
What is b0a0 (base 16) in base 15?
d5e6
186923 (base 10) to base 9
314362
2111010012 (base 3) to base 16
bf21
-10202110212221 (base 3) to base 12
-803a81
What is -15397 (base 10) in base 2?
-11110000100101
Convert 9af02 (base 16) to base 5.
130302001
Convert 11601 (base 12) to base 15.
6da4
11913b (base 14) to base 13
180840
What i